{"id":2,"date":"2021-12-07T17:54:42","date_gmt":"2021-12-07T20:54:42","guid":{"rendered":"http:\/\/backupcode.com\/site\/?page_id=2"},"modified":"2022-03-11T15:08:45","modified_gmt":"2022-03-11T18:08:45","slug":"sample-page","status":"publish","type":"page","link":"https:\/\/www.backupcode.cl\/site\/","title":{"rendered":"Backupcode"},"content":{"rendered":"<h1><strong>BACKUPCODE<\/strong> SOPORTE INFORMATICA OUTSOURCING<\/h1>\n<p>Con m\u00e1s de 20 a\u00f1os de experiencia, nuestro compromiso es mantener tu plataforma tecnol\u00f3gica con un modelo proactivo y un alto est\u00e1ndar de soluciones tecnol\u00f3gicas. Un modelo basado en generar nuestras propias soluciones para no depender de terceros en el servicio que ponemos a tu disposici\u00f3n. No nos importa el tama\u00f1o de tu empresa o negocio, lo que nos mueve son los resultados que tu logras con nuestro apoyo basado en un estricto concepto de calidad de servicio. <\/p>\n","protected":false},"excerpt":{"rendered":"<p>BACKUPCODE SOPORTE INFORMATICA OUTSOURCING Con m\u00e1s de 20 a\u00f1os de experiencia, nuestro compromiso es mantener tu plataforma tecnol\u00f3gica con un modelo proactivo y un alto est\u00e1ndar de soluciones tecnol\u00f3gicas. Un modelo basado en generar nuestras propias soluciones para no depender de terceros en el servicio que ponemos a tu disposici\u00f3n. No nos importa el tama\u00f1o [&hellip;]<\/p>\n","protected":false},"author":1,"featured_media":0,"parent":0,"menu_order":0,"comment_status":"closed","ping_status":"closed","template":"page-inicio.php","meta":[],"_links":{"self":[{"href":"https:\/\/www.backupcode.cl\/site\/index.php\/wp-json\/wp\/v2\/pages\/2"}],"collection":[{"href":"https:\/\/www.backupcode.cl\/site\/index.php\/wp-json\/wp\/v2\/pages"}],"about":[{"href":"https:\/\/www.backupcode.cl\/site\/index.php\/wp-json\/wp\/v2\/types\/page"}],"author":[{"embeddable":true,"href":"https:\/\/www.backupcode.cl\/site\/index.php\/wp-json\/wp\/v2\/users\/1"}],"replies":[{"embeddable":true,"href":"https:\/\/www.backupcode.cl\/site\/index.php\/wp-json\/wp\/v2\/comments?post=2"}],"version-history":[{"count":49,"href":"https:\/\/www.backupcode.cl\/site\/index.php\/wp-json\/wp\/v2\/pages\/2\/revisions"}],"predecessor-version":[{"id":189,"href":"https:\/\/www.backupcode.cl\/site\/index.php\/wp-json\/wp\/v2\/pages\/2\/revisions\/189"}],"wp:attachment":[{"href":"https:\/\/www.backupcode.cl\/site\/index.php\/wp-json\/wp\/v2\/media?parent=2"}],"curies":[{"name":"wp","href":"https:\/\/api.w.org\/{rel}","templated":true}]}}